{"id":502,"date":"2025-02-24T22:03:29","date_gmt":"2025-02-24T21:03:29","guid":{"rendered":"https:\/\/lesamaj.cz\/2025\/?page_id=502"},"modified":"2026-02-23T12:07:05","modified_gmt":"2026-02-23T11:07:05","slug":"stavebni-soutez","status":"publish","type":"page","link":"https:\/\/lesamaj.cz\/index.php\/stavebni-soutez\/","title":{"rendered":"Stavebn\u00ed sout\u011b\u017e"},"content":{"rendered":"\n<div style=\"background-image:url(&apos;https:\/\/lesamaj.cz\/2025\/wp-content\/uploads\/2025\/02\/donut_yellow_10x.png&apos;);background-position:50% 0;background-repeat:no-repeat;background-size:70rem;\" class=\"wp-block-group alignfull wp-block-section nym_ss-uvod has-custom-blue-background-color has-background is-layout-constrained wp-block-group-is-layout-constrained\">\n<div class=\"wp-block-columns is-layout-flex wp-container-core-columns-is-layout-28f84493 wp-block-columns-is-layout-flex\">\n<div class=\"wp-block-column is-layout-flow wp-block-column-is-layout-flow\" style=\"flex-basis:55%\">\n<h1 class=\"wp-block-heading has-foreground-color has-text-color has-link-color wp-elements-75c19e559c34774cee8da480f446aab8\"><span class=\"wp-rich-text-font-awesome-icon wp-font-awesome-icon\"><svg aria-hidden=\"true\" focusable=\"false\" data-prefix=\"fas\" data-icon=\"person-digging\" class=\"svg-inline--fa fa-person-digging \" role=\"img\" xmlns=\"http:\/\/www.w3.org\/2000\/svg\" viewBox=\"0 0 576 512\"><path fill=\"currentColor\" d=\"M208 64a48 48 0 1 1 96 0 48 48 0 1 1 -96 0zM9.8 214.8c5.1-12.2 19.1-18 31.4-12.9L60.7 210l22.9-38.1C99.9 144.6 129.3 128 161 128c51.4 0 97 32.9 113.3 81.7l34.6 103.7 79.3 33.1 34.2-45.6c6.4-8.5 16.6-13.3 27.2-12.8s20.3 6.4 25.8 15.5l96 160c5.9 9.9 6.1 22.2 .4 32.2s-16.3 16.2-27.8 16.2H288c-11.1 0-21.4-5.7-27.2-15.2s-6.4-21.2-1.4-31.1l16-32c5.4-10.8 16.5-17.7 28.6-17.7h32l22.5-30L22.8 246.2c-12.2-5.1-18-19.1-12.9-31.4zm82.8 91.8l112 48c11.8 5 19.4 16.6 19.4 29.4v96c0 17.7-14.3 32-32 32s-32-14.3-32-32V405.1l-60.6-26-37 111c-5.6 16.8-23.7 25.8-40.5 20.2S-3.9 486.6 1.6 469.9l48-144 11-33 32 13.7z\"><\/path><\/svg><\/span><br>Stavebn\u00ed<br>sout\u011b\u017e<\/h1>\n\n\n\n<div style=\"height:14px\" aria-hidden=\"true\" class=\"wp-block-spacer\"><\/div>\n\n\n\n<h4 class=\"wp-block-heading\"><strong><span class=\"wp-rich-text-font-awesome-icon wp-font-awesome-icon\"><svg aria-hidden=\"true\" focusable=\"false\" data-prefix=\"fas\" data-icon=\"calendar-days\" class=\"svg-inline--fa fa-calendar-days \" role=\"img\" xmlns=\"http:\/\/www.w3.org\/2000\/svg\" viewBox=\"0 0 448 512\"><path fill=\"currentColor\" d=\"M128 0c17.7 0 32 14.3 32 32V64H288V32c0-17.7 14.3-32 32-32s32 14.3 32 32V64h48c26.5 0 48 21.5 48 48v48H0V112C0 85.5 21.5 64 48 64H96V32c0-17.7 14.3-32 32-32zM0 192H448V464c0 26.5-21.5 48-48 48H48c-26.5 0-48-21.5-48-48V192zm64 80v32c0 8.8 7.2 16 16 16h32c8.8 0 16-7.2 16-16V272c0-8.8-7.2-16-16-16H80c-8.8 0-16 7.2-16 16zm128 0v32c0 8.8 7.2 16 16 16h32c8.8 0 16-7.2 16-16V272c0-8.8-7.2-16-16-16H208c-8.8 0-16 7.2-16 16zm144-16c-8.8 0-16 7.2-16 16v32c0 8.8 7.2 16 16 16h32c8.8 0 16-7.2 16-16V272c0-8.8-7.2-16-16-16H336zM64 400v32c0 8.8 7.2 16 16 16h32c8.8 0 16-7.2 16-16V400c0-8.8-7.2-16-16-16H80c-8.8 0-16 7.2-16 16zm144-16c-8.8 0-16 7.2-16 16v32c0 8.8 7.2 16 16 16h32c8.8 0 16-7.2 16-16V400c0-8.8-7.2-16-16-16H208zm112 16v32c0 8.8 7.2 16 16 16h32c8.8 0 16-7.2 16-16V400c0-8.8-7.2-16-16-16H336c-8.8 0-16 7.2-16 16z\"><\/path><\/svg><\/span> do 9.b\u0159ezna 2026<\/strong><\/h4>\n\n\n\n<h4 class=\"wp-block-heading\"><strong> <span class=\"wp-rich-text-font-awesome-icon wp-font-awesome-icon\"><svg aria-hidden=\"true\" focusable=\"false\" data-prefix=\"fas\" data-icon=\"person-digging\" class=\"svg-inline--fa fa-person-digging \" role=\"img\" xmlns=\"http:\/\/www.w3.org\/2000\/svg\" viewBox=\"0 0 576 512\"><path fill=\"currentColor\" d=\"M208 64a48 48 0 1 1 96 0 48 48 0 1 1 -96 0zM9.8 214.8c5.1-12.2 19.1-18 31.4-12.9L60.7 210l22.9-38.1C99.9 144.6 129.3 128 161 128c51.4 0 97 32.9 113.3 81.7l34.6 103.7 79.3 33.1 34.2-45.6c6.4-8.5 16.6-13.3 27.2-12.8s20.3 6.4 25.8 15.5l96 160c5.9 9.9 6.1 22.2 .4 32.2s-16.3 16.2-27.8 16.2H288c-11.1 0-21.4-5.7-27.2-15.2s-6.4-21.2-1.4-31.1l16-32c5.4-10.8 16.5-17.7 28.6-17.7h32l22.5-30L22.8 246.2c-12.2-5.1-18-19.1-12.9-31.4zm82.8 91.8l112 48c11.8 5 19.4 16.6 19.4 29.4v96c0 17.7-14.3 32-32 32s-32-14.3-32-32V405.1l-60.6-26-37 111c-5.6 16.8-23.7 25.8-40.5 20.2S-3.9 486.6 1.6 469.9l48-144 11-33 32 13.7z\"><\/path><\/svg><\/span> realizace tv\u00e9ho projektu<\/strong><\/h4>\n\n\n\n<div class=\"wp-block-buttons is-layout-flex wp-block-buttons-is-layout-flex\">\n<div class=\"wp-block-button is-style-fill popmake-1601\"><a class=\"wp-block-button__link wp-element-button\"><strong>R<\/strong>egistra\u010dn\u00ed formul\u00e1\u0159<\/a><\/div>\n<\/div>\n<\/div>\n\n\n\n<div class=\"wp-block-column is-layout-flow wp-block-column-is-layout-flow\" style=\"flex-basis:45%\">\n<h2 class=\"wp-block-heading\"><strong>CO V\u00c1S \u010cEK\u00c1?<\/strong><\/h2>\n\n\n\n<p>Studentsk\u00fd festival Lesam\u00e1j vyhla\u0161uje 8. ro\u010dn\u00edk stavebn\u00ed sout\u011b\u017ee. C\u00edlem je navr\u017een\u00ed a efektivn\u00ed vyu\u017eit\u00ed materi\u00e1l\u016f na v\u00fdstavbu st\u0159etobodu, posezen\u00ed, baru a odd\u00e1vac\u00ed br\u00e1nu. V\u00fdherce z\u00edsk\u00e1 od \u0161koly stipendium a od Lesam\u00e1je kup\u00f3ny na limon\u00e1du\/pivo ve dnech festival\u016f. Rovn\u011b\u017e si zajist\u00ed p\u0159\u00edle\u017eitost se pod\u00edlet na realizaci sv\u00e9ho n\u00e1vrhu ve spolupr\u00e1ci s&nbsp;katedrou d\u0159ev\u011bn\u00fdch a ocelov\u00fdch konstrukc\u00ed na FSv.Sout\u011b\u017e se skl\u00e1d\u00e1 ze <strong>dvou f\u00e1z\u00ed<\/strong>. V prvn\u00ed f\u00e1zi sout\u011b\u017e\u00edc\u00ed odevzdaj\u00ed koncep\u010dn\u00ed \u0159e\u0161en\u00ed prim\u00e1rn\u00edch n\u00e1vrh\u016f. <strong>Term\u00edn odevzd\u00e1n\u00ed je v p\u00e1tek 9. b\u0159ezna do 12:00<\/strong>, n\u00e1sledn\u011b prob\u011bhne prezentace a vyhodnocen\u00ed. V druh\u00e9 f\u00e1zi se bude s v\u00edt\u011bzem sout\u011b\u017ee detailn\u011b \u0159e\u0161it realizace n\u00e1vrhu a z\u00e1rove\u0148 dopl\u0148kov\u00e9 sekund\u00e1rn\u00ed n\u00e1vrhy a vypracov\u00e1n\u00ed fin\u00e1ln\u00ed podoby.<\/p>\n<\/div>\n<\/div>\n<\/div>\n\n\n\n<div class=\"wp-block-group alignfull wp-block-section nym_ss-obsah has-custom-yellow-background-color has-background is-layout-constrained wp-block-group-is-layout-constrained\">\n<div class=\"wp-block-columns is-layout-flex wp-container-core-columns-is-layout-28f84493 wp-block-columns-is-layout-flex\">\n<div class=\"wp-block-column is-layout-flow wp-block-column-is-layout-flow\">\n<h2 class=\"wp-block-heading has-custom-white-color has-text-color has-link-color wp-elements-b9fc9d97dfffffb0d7fdb6218835a6b8\">P\u0159edm\u011bty n\u00e1vrhu<\/h2>\n\n\n\n<p>Do prvn\u00ed \u010d\u00e1sti sout\u011b\u017ee je pot\u0159eba p\u0159ihl\u00e1sit koncept n\u00e1vrhu prim\u00e1rn\u00edch po\u017eadavk\u016f (origin\u00e1ln\u00ed materi\u00e1lov\u00e9 \u0159e\u0161en\u00ed\/stavebn\u00ed postup, nebo nosnou ideu kter\u00e1 v\u00e1m pom\u016f\u017ee n\u00e1vrh tvarovat). Leto\u0161n\u00ed ro\u010dn\u00edk si vy\u017eaduje <strong>klidn\u00e9<\/strong> <strong>a fluidn\u00ed<\/strong> pojet\u00ed konceptu, m\u016f\u017eete se inspirovat organikou a p\u0159\u00edrodou \u010di prost\u0159ed\u00edmi uklid\u0148uj\u00edc\u00edmi, ur\u010den\u00fdmi k odpo\u010dinku a zenu. Vyj\u00e1d\u0159ete pohodlnost a komfort, aby se n\u00e1v\u0161t\u011bvn\u00edci mohli skrz Va\u0161e n\u00e1vrhy odd\u011blit od ruchu a aby se studenti mohli odpojit od konstantn\u00edho stresu ze \u0161kol.<\/p>\n<\/div>\n\n\n\n<div class=\"wp-block-column is-layout-flow wp-block-column-is-layout-flow\">\n<h3 class=\"wp-block-heading has-custom-black-color has-text-color has-link-color wp-elements-08159ffc56c04f7b9a1a0fa969f5d36e\">Prim\u00e1rn\u00ed prvky n\u00e1vrhu:<\/h3>\n\n\n\n<ul class=\"wp-block-list\">\n<li>D\u0159evostavby jako sezen\u00ed pro n\u00e1v\u0161t\u011bvn\u00edky festivalu p\u0159ed FSv<\/li>\n\n\n\n<li>Zdoben\u00e1 br\u00e1na pro odd\u00e1v\u00e1n\u00ed v r\u00e1mci Lesam\u00e1jov\u00fdch svateb \u2013 z\u00e1rove\u0148 jako fotokoutek<\/li>\n\n\n\n<li>St\u0159etobod pro orientaci v kampusu<\/li>\n<\/ul>\n<\/div>\n\n\n\n<div class=\"wp-block-column is-layout-flow wp-block-column-is-layout-flow\">\n<h3 class=\"wp-block-heading has-custom-black-color has-text-color has-link-color wp-elements-00b79824d944eff8ae942c72ceba8d08\">Sekund\u00e1rn\u00ed prvky:<\/h3>\n\n\n\n<ul class=\"wp-block-list\">\n<li>Zast\u00edn\u011bn\u00ed studentsk\u00e9 vesni\u010dky<\/li>\n\n\n\n<li>Tr\u016fn pro korunovaci veli\u010denstev Lesam\u00e1je na hlavn\u00ed stagi \u2013 ve zbytku \u010dasu slou\u017e\u00edc\u00ed pro \u010dtec\u00ed koutek<\/li>\n\n\n\n<li>Graffiti wall<\/li>\n<\/ul>\n\n\n\n<p>Preferujeme sjednocen\u00e9 a siln\u00e9 koncep\u010dn\u00ed \u0159e\u0161en\u00ed, ale jsme otev\u0159eni i konkr\u00e9tn\u00edm n\u00e1vrh\u016fm jednotliv\u00fdch prvk\u016f. Nen\u00ed nutn\u00e9 navrhnout v\u0161e z v\u00fd\u010dtu v\u00fd\u0161e, d\u016fle\u017eit\u00e9 je nastavit sm\u011br pro dal\u0161\u00ed postup.<\/p>\n<\/div>\n<\/div>\n\n\n\n<div class=\"wp-block-columns is-layout-flex wp-container-core-columns-is-layout-28f84493 wp-block-columns-is-layout-flex\">\n<div class=\"wp-block-column is-layout-flow wp-block-column-is-layout-flow\">\n<h2 class=\"wp-block-heading has-custom-white-color has-text-color has-link-color wp-elements-969da1f98e69c35b79ce041f92a0bdc1\">Pozn\u00e1mky a post\u0159ehy<\/h2>\n\n\n\n<p>Neuchylujte se k render\u016fm. N\u00e1pad je t\u0159eba jednodu\u0161e popsat a zn\u00e1zornit nap\u0159\u00edklad pomoc\u00ed skic nebo z\u00e1kladn\u00edch model\u016f. P\u0159esn\u00e9 parametry a finalizace n\u00e1vrhu bude obsahem druh\u00e9 f\u00e1ze sout\u011b\u017ee.<\/p>\n\n\n\n<p>Palety jsou klasikou, kterou nezakazujeme vyu\u017e\u00edt, ale je s nimi t\u0159eba pracovat efektivn\u011b. Velk\u00e1 hromada u\u017e n\u011bco stoj\u00ed.<\/p>\n\n\n\n<p>N\u00e1vrh mus\u00ed b\u00fdt realizovateln\u00fd v r\u00e1mci prodlou\u017een\u00e9ho v\u00edkendu p\u0159i pou\u017eit\u00ed standardn\u00edho vybaven\u00ed.<\/p>\n<\/div>\n\n\n\n<div class=\"wp-block-column is-layout-flow wp-block-column-is-layout-flow\">\n<h2 class=\"wp-block-heading\">Odevzd\u00e1n\u00ed a pravidla<\/h2>\n\n\n\n<p>Odevzdat je t\u0159eba kr\u00e1tkou prezentaci n\u00e1vrhov\u00e9ho \u0159e\u0161en\u00ed ve form\u00e1tu vhodn\u00e9m pro zobrazen\u00ed projektorem na pl\u00e1tn\u011b. M\u016f\u017ee se jednat o jeden poster i v\u00edcestr\u00e1nkovou prezentaci.&nbsp;<\/p>\n\n\n\n<p>Sout\u011b\u017e je otev\u0159ena v\u0161em student\u016fm FSv a FA \u010cVUT. Pro studenty FA nebudou v leto\u0161n\u00edm roce odm\u011bnou stipendia, pouze ceny za Lesam\u00e1j. Pro zapojen\u00ed m\u016f\u017eou sout\u011b\u017e\u00edc\u00ed pracovat jednotliv\u011b, nebo ve skupin\u011b. To specifikujte do p\u0159ihl\u00e1\u0161ky, kam se p\u0159ihl\u00e1s\u00ed v\u0161ichni \u010dlenov\u00e9 t\u00fdmu.<\/p>\n\n\n\n<p>Dotazy sm\u011b\u0159ujte na: <a href=\"mailto:stavba@lesamaj.cz\">stavba@lesamaj.cz<\/a><\/p>\n<\/div>\n<\/div>\n<\/div>\n\n\n\n<div style=\"background-image:url(&apos;https:\/\/lesamaj.cz\/2025\/wp-content\/uploads\/2025\/02\/triangle_yellow_2x.png&apos;);background-position:0% 0%;background-repeat:no-repeat;background-size:50px;background-attachment:scroll;\" class=\"wp-block-group alignfull wp-block-section nym_ss-casovy-plan has-custom-blue-background-color has-background is-layout-constrained wp-block-group-is-layout-constrained\">\n<div style=\"height:30px\" aria-hidden=\"true\" class=\"wp-block-spacer\"><\/div>\n\n\n\n<div class=\"wp-block-columns is-layout-flex wp-container-core-columns-is-layout-28f84493 wp-block-columns-is-layout-flex\">\n<div class=\"wp-block-column is-layout-flow wp-block-column-is-layout-flow\" style=\"flex-basis:33.33%\">\n<h2 class=\"wp-block-heading\">\u010casov\u00fd pl\u00e1n sout\u011b\u017ee<\/h2>\n<\/div>\n\n\n\n<div class=\"wp-block-column is-layout-flow wp-block-column-is-layout-flow\" style=\"flex-basis:66.66%\">\n<figure class=\"wp-block-table is-style-regular\"><table class=\"has-fixed-layout\" style=\"border-style:none;border-width:0px\"><tbody><tr><td class=\"has-text-align-left\" data-align=\"left\">Pond\u011bl\u00ed 9. b\u0159ezna<\/td><td>online<\/td><td>Uz\u00e1v\u011brka p\u0159ihla\u0161ov\u00e1n\u00ed a odevzd\u00e1n\u00ed n\u00e1vrh\u016f<\/td><\/tr><tr><td class=\"has-text-align-left\" data-align=\"left\">St\u0159eda 11. b\u0159ezna<\/td><td>atelier D<\/td><td>Prezentace a v\u00fdb\u011br v\u00edt\u011bz\u016f ideov\u00e9 my\u0161lenky<\/td><\/tr><tr><td class=\"has-text-align-left\" data-align=\"left\">St\u0159eda 18. b\u0159ezna<\/td><td>atelier D<\/td><td>Workshop a konzultace<\/td><\/tr><tr><td class=\"has-text-align-left\" data-align=\"left\">St\u0159eda 25. b\u0159ezna<\/td><td>atelier D<\/td><td>Finalizace n\u00e1vrh\u016f<\/td><\/tr><tr><td class=\"has-text-align-left\" data-align=\"left\">TBD<\/td><td>plac p\u0159ed FSv<\/td><td>Realizace stavby s LSMJ t\u00fdmem, sout\u011b\u017e\u00edc\u00edmi a dobrovoln\u00edky<\/td><\/tr><tr><td class=\"has-text-align-left\" data-align=\"left\">6. &#8211; 7. kv\u011btna<\/td><td>kampus Dejvice<\/td><td>Festival Lesam\u00e1j<\/td><\/tr><\/tbody><\/table><\/figure>\n<\/div>\n<\/div>\n<\/div>\n\n\n\n<div class=\"wp-block-group alignfull wp-block-section nym_ss-navrhy has-custom-yellow-background-color has-background has-huge-display-font-size is-layout-constrained wp-block-group-is-layout-constrained\">\n<div class=\"wp-block-columns is-layout-flex wp-container-core-columns-is-layout-28f84493 wp-block-columns-is-layout-flex\">\n<div class=\"wp-block-column is-layout-flow wp-block-column-is-layout-flow\" style=\"flex-basis:50%\">\n<h2 class=\"wp-block-heading\">V\u00edt\u011bzn\u00fd n\u00e1vrh minul\u00e9ho Lesam\u00e1je<\/h2>\n<\/div>\n\n\n\n<div class=\"wp-block-column is-layout-flow wp-block-column-is-layout-flow\" style=\"flex-basis:50%\">\n<div class=\"wp-block-carousel-slider-slider\"><div class=\"carousel-slider-outer carousel-slider-outer-image-carousel carousel-slider-outer-2034\" style=\"--carousel-slider-nav-color:#f1f1f1;--carousel-slider-active-nav-color:#00d1b2;--carousel-slider-arrow-size:48px;--carousel-slider-bullet-size:10px\">\n<div id=\"&#039;id-2034\" class=\"carousel-slider carousel-slider-2034 arrows-visibility-hover dots-visibility-never arrows-outside dots-center dots-circle owl-carousel\" data-slide-type=\"image-carousel\" data-owl-settings='{\"nav\":true,\"dots\":false,\"slideBy\":1,\"stagePadding\":0,\"margin\":10,\"loop\":true,\"lazyLoad\":false,\"autoplay\":true,\"autoplayTimeout\":5000,\"autoplaySpeed\":500,\"autoplayHoverPause\":true,\"autoWidth\":false,\"items\":1}'>\n<div class=\"carousel-slider__item\">\n\t<a class=\"magnific-popup\" href=\"https:\/\/lesamaj.cz\/wp-content\/uploads\/2026\/02\/lesamaj_25_page-0001.jpg\" data-width=\"2000\" data-height=\"1125\"><img loading=\"lazy\" decoding=\"async\" width=\"2000\" height=\"1125\" src=\"https:\/\/lesamaj.cz\/wp-content\/uploads\/2026\/02\/lesamaj_25_page-0001.jpg\" class=\"attachment-full size-full\" alt=\"\" srcset=\"https:\/\/lesamaj.cz\/wp-content\/uploads\/2026\/02\/lesamaj_25_page-0001.jpg 2000w, https:\/\/lesamaj.cz\/wp-content\/uploads\/2026\/02\/lesamaj_25_page-0001-300x169.jpg 300w, https:\/\/lesamaj.cz\/wp-content\/uploads\/2026\/02\/lesamaj_25_page-0001-1024x576.jpg 1024w, https:\/\/lesamaj.cz\/wp-content\/uploads\/2026\/02\/lesamaj_25_page-0001-768x432.jpg 768w, https:\/\/lesamaj.cz\/wp-content\/uploads\/2026\/02\/lesamaj_25_page-0001-1536x864.jpg 1536w\" sizes=\"auto, (max-width: 2000px) 100vw, 2000px\" \/><\/a><\/div>\n\n<div class=\"carousel-slider__item\">\n\t<a class=\"magnific-popup\" href=\"https:\/\/lesamaj.cz\/wp-content\/uploads\/2026\/02\/lesamaj_25_page-0002.jpg\" data-width=\"2000\" data-height=\"1125\"><img loading=\"lazy\" decoding=\"async\" width=\"2000\" height=\"1125\" src=\"https:\/\/lesamaj.cz\/wp-content\/uploads\/2026\/02\/lesamaj_25_page-0002.jpg\" class=\"attachment-full size-full\" alt=\"\" srcset=\"https:\/\/lesamaj.cz\/wp-content\/uploads\/2026\/02\/lesamaj_25_page-0002.jpg 2000w, https:\/\/lesamaj.cz\/wp-content\/uploads\/2026\/02\/lesamaj_25_page-0002-300x169.jpg 300w, https:\/\/lesamaj.cz\/wp-content\/uploads\/2026\/02\/lesamaj_25_page-0002-1024x576.jpg 1024w, https:\/\/lesamaj.cz\/wp-content\/uploads\/2026\/02\/lesamaj_25_page-0002-768x432.jpg 768w, https:\/\/lesamaj.cz\/wp-content\/uploads\/2026\/02\/lesamaj_25_page-0002-1536x864.jpg 1536w\" sizes=\"auto, (max-width: 2000px) 100vw, 2000px\" \/><\/a><\/div>\n\n<div class=\"carousel-slider__item\">\n\t<a class=\"magnific-popup\" href=\"https:\/\/lesamaj.cz\/wp-content\/uploads\/2026\/02\/lesamaj_25_page-0003.jpg\" data-width=\"2000\" data-height=\"1125\"><img loading=\"lazy\" decoding=\"async\" width=\"2000\" height=\"1125\" src=\"https:\/\/lesamaj.cz\/wp-content\/uploads\/2026\/02\/lesamaj_25_page-0003.jpg\" class=\"attachment-full size-full\" alt=\"\" srcset=\"https:\/\/lesamaj.cz\/wp-content\/uploads\/2026\/02\/lesamaj_25_page-0003.jpg 2000w, https:\/\/lesamaj.cz\/wp-content\/uploads\/2026\/02\/lesamaj_25_page-0003-300x169.jpg 300w, https:\/\/lesamaj.cz\/wp-content\/uploads\/2026\/02\/lesamaj_25_page-0003-1024x576.jpg 1024w, https:\/\/lesamaj.cz\/wp-content\/uploads\/2026\/02\/lesamaj_25_page-0003-768x432.jpg 768w, https:\/\/lesamaj.cz\/wp-content\/uploads\/2026\/02\/lesamaj_25_page-0003-1536x864.jpg 1536w\" sizes=\"auto, (max-width: 2000px) 100vw, 2000px\" \/><\/a><\/div>\n\n<div class=\"carousel-slider__item\">\n\t<a class=\"magnific-popup\" href=\"https:\/\/lesamaj.cz\/wp-content\/uploads\/2026\/02\/lesamaj_25_page-0004.jpg\" data-width=\"2000\" data-height=\"1125\"><img loading=\"lazy\" decoding=\"async\" width=\"2000\" height=\"1125\" src=\"https:\/\/lesamaj.cz\/wp-content\/uploads\/2026\/02\/lesamaj_25_page-0004.jpg\" class=\"attachment-full size-full\" alt=\"\" srcset=\"https:\/\/lesamaj.cz\/wp-content\/uploads\/2026\/02\/lesamaj_25_page-0004.jpg 2000w, https:\/\/lesamaj.cz\/wp-content\/uploads\/2026\/02\/lesamaj_25_page-0004-300x169.jpg 300w, https:\/\/lesamaj.cz\/wp-content\/uploads\/2026\/02\/lesamaj_25_page-0004-1024x576.jpg 1024w, https:\/\/lesamaj.cz\/wp-content\/uploads\/2026\/02\/lesamaj_25_page-0004-768x432.jpg 768w, https:\/\/lesamaj.cz\/wp-content\/uploads\/2026\/02\/lesamaj_25_page-0004-1536x864.jpg 1536w\" sizes=\"auto, (max-width: 2000px) 100vw, 2000px\" \/><\/a><\/div>\n\n<div class=\"carousel-slider__item\">\n\t<a class=\"magnific-popup\" href=\"https:\/\/lesamaj.cz\/wp-content\/uploads\/2026\/02\/lesamaj_25_page-0005.jpg\" data-width=\"2000\" data-height=\"1125\"><img loading=\"lazy\" decoding=\"async\" width=\"2000\" height=\"1125\" src=\"https:\/\/lesamaj.cz\/wp-content\/uploads\/2026\/02\/lesamaj_25_page-0005.jpg\" class=\"attachment-full size-full\" alt=\"\" srcset=\"https:\/\/lesamaj.cz\/wp-content\/uploads\/2026\/02\/lesamaj_25_page-0005.jpg 2000w, https:\/\/lesamaj.cz\/wp-content\/uploads\/2026\/02\/lesamaj_25_page-0005-300x169.jpg 300w, https:\/\/lesamaj.cz\/wp-content\/uploads\/2026\/02\/lesamaj_25_page-0005-1024x576.jpg 1024w, https:\/\/lesamaj.cz\/wp-content\/uploads\/2026\/02\/lesamaj_25_page-0005-768x432.jpg 768w, https:\/\/lesamaj.cz\/wp-content\/uploads\/2026\/02\/lesamaj_25_page-0005-1536x864.jpg 1536w\" sizes=\"auto, (max-width: 2000px) 100vw, 2000px\" \/><\/a><\/div>\n\n<div class=\"carousel-slider__item\">\n\t<a class=\"magnific-popup\" href=\"https:\/\/lesamaj.cz\/wp-content\/uploads\/2026\/02\/lesamaj_25_page-0006.jpg\" data-width=\"2000\" data-height=\"1125\"><img loading=\"lazy\" decoding=\"async\" width=\"2000\" height=\"1125\" src=\"https:\/\/lesamaj.cz\/wp-content\/uploads\/2026\/02\/lesamaj_25_page-0006.jpg\" class=\"attachment-full size-full\" alt=\"\" srcset=\"https:\/\/lesamaj.cz\/wp-content\/uploads\/2026\/02\/lesamaj_25_page-0006.jpg 2000w, https:\/\/lesamaj.cz\/wp-content\/uploads\/2026\/02\/lesamaj_25_page-0006-300x169.jpg 300w, https:\/\/lesamaj.cz\/wp-content\/uploads\/2026\/02\/lesamaj_25_page-0006-1024x576.jpg 1024w, https:\/\/lesamaj.cz\/wp-content\/uploads\/2026\/02\/lesamaj_25_page-0006-768x432.jpg 768w, https:\/\/lesamaj.cz\/wp-content\/uploads\/2026\/02\/lesamaj_25_page-0006-1536x864.jpg 1536w\" sizes=\"auto, (max-width: 2000px) 100vw, 2000px\" \/><\/a><\/div>\n\n<div class=\"carousel-slider__item\">\n\t<a class=\"magnific-popup\" href=\"https:\/\/lesamaj.cz\/wp-content\/uploads\/2026\/02\/lesamaj_25_page-0007.jpg\" data-width=\"2000\" data-height=\"1125\"><img loading=\"lazy\" decoding=\"async\" width=\"2000\" height=\"1125\" src=\"https:\/\/lesamaj.cz\/wp-content\/uploads\/2026\/02\/lesamaj_25_page-0007.jpg\" class=\"attachment-full size-full\" alt=\"\" srcset=\"https:\/\/lesamaj.cz\/wp-content\/uploads\/2026\/02\/lesamaj_25_page-0007.jpg 2000w, https:\/\/lesamaj.cz\/wp-content\/uploads\/2026\/02\/lesamaj_25_page-0007-300x169.jpg 300w, https:\/\/lesamaj.cz\/wp-content\/uploads\/2026\/02\/lesamaj_25_page-0007-1024x576.jpg 1024w, https:\/\/lesamaj.cz\/wp-content\/uploads\/2026\/02\/lesamaj_25_page-0007-768x432.jpg 768w, https:\/\/lesamaj.cz\/wp-content\/uploads\/2026\/02\/lesamaj_25_page-0007-1536x864.jpg 1536w\" sizes=\"auto, (max-width: 2000px) 100vw, 2000px\" \/><\/a><\/div>\n\n<div class=\"carousel-slider__item\">\n\t<a class=\"magnific-popup\" href=\"https:\/\/lesamaj.cz\/wp-content\/uploads\/2026\/02\/lesamaj_25_page-0008.jpg\" data-width=\"2000\" data-height=\"1125\"><img loading=\"lazy\" decoding=\"async\" width=\"2000\" height=\"1125\" src=\"https:\/\/lesamaj.cz\/wp-content\/uploads\/2026\/02\/lesamaj_25_page-0008.jpg\" class=\"attachment-full size-full\" alt=\"\" srcset=\"https:\/\/lesamaj.cz\/wp-content\/uploads\/2026\/02\/lesamaj_25_page-0008.jpg 2000w, https:\/\/lesamaj.cz\/wp-content\/uploads\/2026\/02\/lesamaj_25_page-0008-300x169.jpg 300w, https:\/\/lesamaj.cz\/wp-content\/uploads\/2026\/02\/lesamaj_25_page-0008-1024x576.jpg 1024w, https:\/\/lesamaj.cz\/wp-content\/uploads\/2026\/02\/lesamaj_25_page-0008-768x432.jpg 768w, https:\/\/lesamaj.cz\/wp-content\/uploads\/2026\/02\/lesamaj_25_page-0008-1536x864.jpg 1536w\" sizes=\"auto, (max-width: 2000px) 100vw, 2000px\" \/><\/a><\/div>\n\n<\/div><!-- .carousel-slider-2034 -->\n<\/div><!-- .carousel-slider-outer-2034 -->\n<\/div>\n<\/div>\n<\/div>\n<\/div>\n","protected":false},"excerpt":{"rendered":"<p>Stavebn\u00edsout\u011b\u017e do 9.b\u0159ezna 2026 realizace tv\u00e9ho projektu CO V\u00c1S \u010cEK\u00c1? Studentsk\u00fd festival Lesam\u00e1j vyhla\u0161uje 8. ro\u010dn\u00edk stavebn\u00ed sout\u011b\u017ee. C\u00edlem je navr\u017een\u00ed a efektivn\u00ed vyu\u017eit\u00ed materi\u00e1l\u016f na v\u00fdstavbu st\u0159etobodu, posezen\u00ed, baru a odd\u00e1vac\u00ed br\u00e1nu. V\u00fdherce z\u00edsk\u00e1 od \u0161koly stipendium a od Lesam\u00e1je kup\u00f3ny na limon\u00e1du\/pivo ve dnech festival\u016f. Rovn\u011b\u017e si zajist\u00ed p\u0159\u00edle\u017eitost se pod\u00edlet na realizaci [&hellip;]<\/p>\n","protected":false},"author":1,"featured_media":0,"parent":0,"menu_order":1,"comment_status":"closed","ping_status":"closed","template":"","meta":{"ngg_post_thumbnail":0,"footnotes":""},"class_list":["post-502","page","type-page","status-publish","hentry"],"jetpack_sharing_enabled":true,"_links":{"self":[{"href":"https:\/\/lesamaj.cz\/index.php\/wp-json\/wp\/v2\/pages\/502","targetHints":{"allow":["GET"]}}],"collection":[{"href":"https:\/\/lesamaj.cz\/index.php\/wp-json\/wp\/v2\/pages"}],"about":[{"href":"https:\/\/lesamaj.cz\/index.php\/wp-json\/wp\/v2\/types\/page"}],"author":[{"embeddable":true,"href":"https:\/\/lesamaj.cz\/index.php\/wp-json\/wp\/v2\/users\/1"}],"replies":[{"embeddable":true,"href":"https:\/\/lesamaj.cz\/index.php\/wp-json\/wp\/v2\/comments?post=502"}],"version-history":[{"count":231,"href":"https:\/\/lesamaj.cz\/index.php\/wp-json\/wp\/v2\/pages\/502\/revisions"}],"predecessor-version":[{"id":2053,"href":"https:\/\/lesamaj.cz\/index.php\/wp-json\/wp\/v2\/pages\/502\/revisions\/2053"}],"wp:attachment":[{"href":"https:\/\/lesamaj.cz\/index.php\/wp-json\/wp\/v2\/media?parent=502"}],"curies":[{"name":"wp","href":"https:\/\/api.w.org\/{rel}","templated":true}]}}